 number?
True
Is 154381 a composite number?
True
Is 496423 a composite number?
True
Is 1967839 prime?
False
Is 123001 composite?
False
Is 10559 a prime number?
True
Is 40787 composite?
False
Is 3861365 composite?
True
Is 2189843 a prime number?
True
Is 50111 a prime number?
True
Is 19009 a composite number?
False
Is 830549 prime?
True
Is 140863 composite?
False
Is 12323 prime?
True
Is 581 a composite number?
True
Is 618799 composite?
False
Is 9491 prime?
True
Is 70351 prime?
True
Is 3821 a composite number?
False
Is 9599 a composite number?
True
Is 81509 prime?
True
Is 17011 prime?
True
Is 28363 a prime number?
False
Is 107563 prime?
True
Is 12743 a prime number?
True
Is 42737 a composite number?
False
Is 107761 prime?
True
Is 153917 prime?
False
Is 492091 a prime number?
False
Is 25057 a composite number?
False
Is 419873 a prime number?
True
Is 345727 a prime number?
True
Is 35381 a composite number?
False
Is 23857 a composite number?
False
Is 5891 a prime number?
False
Is 37951 prime?
True
Is 37951 a composite number?
False
Is 2579 composite?
False
Is 138623 a composite number?
True
Is 106721 a composite number?
False
Is 559243 prime?
True
Is 138163 a composite number?
False
Is 63901 prime?
True
Is 2771 a prime number?
False
Is 51247 a prime number?
False
Is 20053 prime?
False
Is 603329 prime?
False
Is 15217 prime?
True
Is 44761 a composite number?
True
Is 3049 composite?
False
Is 9953 prime?
False
Is 687383 a prime number?
True
Is 2080201 composite?
False
Is 1963157 prime?
False
Is 62709 prime?
False
Is 257783 composite?
False
Is 110063 a prime number?
True
Is 10477 composite?
False
Is 192443 prime?
False
Is 62383 composite?
False
Is 53653 a composite number?
False
Is 303529 composite?
False
Is 701057 composite?
True
Is 3229 a composite number?
False
Is 2579 composite?
False
Is 325301 composite?
False
Is 581183 a prime number?
True
Is 295313 a prime number?
True
Is 972469 a composite number?
False
Is 119233 a composite number?
False
Is 16301 composite?
False
Is 23663 composite?
False
Is 1328071 prime?
False
Is 139067 composite?
False
Is 4609 a prime number?
False
Is 1708159 a prime number?
True
Is 346991 a composite number?
True
Is 126183 prime?
False
Is 8222 composite?
True
Is 239329 a composite number?
False
Is 40063 prime?
True
Is 98899 a prime number?
True
Is 8347 a composite number?
True
Is 1513 a composite number?
True
Is 398813 a prime number?
True
Is 11027 a composite number?
False
Is 33017 prime?
False
Is 6598 prime?
False
Is 243493 a composite number?
True
Is 1159143 a prime number?
False
Is 535729 a prime number?
False
Is 31013 composite?
False
Is 1973 a prime number?
True
Is 631263 composite?
True
Is 124819 prime?
True
Is 552437 a composite number?
True
Is 172787 prime?
True
Is 37243 a composite number?
False
Is 2245 composite?
True
Is 746443 prime?
False
Is 834783 prime?
False
Is 9305 composite?
True
Is 467 composite?
False
Is 7321 prime?
True
Is 36523 composite?
False
Is 5815 a composite number?
True
Is 166319 composite?
False
Is 1949 a prime number?
True
Is 115057 composite?
False
Is 432479 a composite number?
False
Is 4211 a composite number?
False
Is 28001 prime?
True
Is 77003 composite?
False
Is 27601 a composite number?
True
Is 37547 a composite number?
False
Is 2935 a prime number?
False
Is 3557 prime?
True
Is 17291 a prime number?
True
Is 1360043 prime?
False
Is 12701 composite?
True
Is 20281 prime?
False
Is 461698 prime?
False
Is 11677 a composite number?
False
Is 1937929 a composite number?
True
Is 1543 a composite number?
False
Is 4037 a composite number?
True
Is 3787 a composite number?
True
Is 48109 composite?
False
Is 12853 a prime number?
True
Is 8929 a composite number?
False
Is 3037 a composite number?
False
Is 1151 a composite number?
False
Is 11579 composite?
False
Is 51451 composite?
True
Is 375491 composite?
True
Is 258299 prime?
True
Is 8009 prime?
True
Is 13963 a composite number?
False
Is 65779 prime?
False
Is 196099 a prime number?
False
Is 95311 prime?
True
Is 328577 a composite number?
True
Is 83399 a prime number?
True
Is 271421 prime?
False
Is 15493 composite?
False
Is 90671 prime?
False
Is 5218 a composite number?
True
Is 619591 prime?
False
Is 2064649 composite?
False
Is 29789 prime?
True
Is 5147 a composite number?
False
Is 2666659 a composite number?
False
Is 9961 prime?
False
Is 3181 a composite number?
False
Is 172001 a composite number?
False
Is 224482 a composite number?
True
Is 375851 prime?
False
Is 1009235 a prime number?
False
Is 3359 a prime number?
True
Is 35983 a composite number?
False
Is 70127 a composite number?
True
Is 29459 prime?
False
Is 103229 a prime number?
False
Is 9745 a composite number?
True
Is 1234097 a prime number?
False
Is 91571 a prime number?
True
Is 1399 a composite number?
False
Is 1780127 composite?
False
Is 54689 composite?
True
Is 158699 a composite number?
False
Is 402923 a prime number?
True
Is 2559 a composite number?
True
Is 72989 a prime number?
False
Is 1706 prime?
False
Is 27679 composite?
True
Is 324417 a composite number?
True
Is 292037 a prime number?
True
Is 1848751 prime?
True
Is 126913 a composite number?
False
Is 44053 a composite number?
False
Is 14653 a prime number?
True
Is 32647 a prime number?
True
Is 126773 prime?
False
Is 3481 a composite number?
True
Is 2503 a composite number?
False
Is 243371 a composite number?
True
Is 44753 composite?
False
Is 1711 a composite number?
True
Is 182167 a prime number?
True
Is 22007 a prime number?
False
Is 381 a prime number?
False
Is 757 a prime number?
True
Is 50189 a prime number?
False
Is 4660363 a composite number?
True
Is 309971 a prime number?
False
Is 75199 a composite number?
True
Is 166 prime?
False
Is 1131241 composite?
True
Is 171491 composite?
False
Is 885067 a composite number?
True
Is 1361 a composite number?
False
Is 69593 composite?
False
Is 939247 a prime number?
True
Is 5158 a prime number?
False
Is 22013 prime?
True
Is 339091 a prime number?
True
Is 512959 prime?
True
Is 26293 a composite number?
False
Is 29599 a composite number?
False
Is 127801 a composite number?
True
Is 3029 prime?
False
Is 15793 prime?
False
Is 26903 a composite number?
False
Is 52501 prime?
True
Is 32899 prime?
False
Is 35831 composite?
False
Is 2543 a composite number?
False
Is 563477 composite?
True
Is 483907 a composite number?
False
Is 93829 a prime number?
False
Is 251 a prime number?
True
Is 30403 a composite number?
False
Is 6401 composite?
True
Is 2179523 prime?
True
Is 236339 a prime number?
True
Is 14179 a composite number?
True
Is 180437 a composite number?
False
Is 10447 prime?
False
Is 4621 prime?
True
Is 1801 a composite number?
False
Is 112459 composite?
False
Is 909203 a prime number?
True
Is 774913 a composite number?
True
Is 30109 prime?
True
Is 22297 a composite number?
True
Is 237673 composite?
False
Is 217271 composite?
False
Is 45397 a prime number?
False
Is 319 prime?
False
Is 3089 prime?
True
Is 83059 composite?
False
Is 6609 prime?
False
Is 2246 composite?
True
Is 620349 composite?
True
Is 557602 a prime number?
False
Is 13951 prime?
False
Is 4195 prime?
False
Is 29459 a composite number?
True
Is 18299 a prime number?
False
Is 288239 composite?
True
Is 45599 a composite number?
False
Is 10589 a prime number?
True
Is 9667 a composite number?
True
Is 22511 prime?
True
Is 32327 a prime number?
True
Is 1733 composite?
False
Is 353357 composite?
True
Is 441989 a prime number?
False
Is 138283 a composite number?
False
Is 6143 composite?
False
Is 208787 composite?
False
Is 262459 composite?
False
Is 302801 a composite number?
False
Is 21647 a prime number?
True
Is 1901 prime?
True
Is 20873 composite?
False
Is 809 composite?
False
Is 120749 composite?
False
Is 26905 a composite number?
True
Is 5435 a prime number?
False
Is 1566031 a composite number?
False
Is 94883 prime?
False
Is 285173 composite?
True
Is 36037 prime?
True
Is 81919 composite?
False
Is 424513 composite?
True
Is 37435 composite?
True
Is 14765 a prime number?
False
Is 1601359 a prime number?
True
Is 8549 a composite number?
True
Is 5509 a prime number?
False
Is 3983 prime?
False
Is 4621 composite?
False
Is 217913 a composite number?
True
Is 542701 composite?
True
Is 12443 prime?
False
Is 39821 composite?
False
Is 29513 a compo